{"id":546899,"date":"2014-10-07T08:55:21","date_gmt":"2014-10-07T06:55:21","guid":{"rendered":"http:\/\/berliner-schloss.de\/?page_id=546899"},"modified":"2015-06-05T12:19:30","modified_gmt":"2015-06-05T12:19:30","slug":"cercles-de-soutien-regionaux","status":"publish","type":"page","link":"https:\/\/berliner-schloss.de\/fr\/association\/cercles-de-soutien-regionaux\/","title":{"rendered":"Cercles de soutien r\u00e9gionaux"},"content":{"rendered":"<h1><b>Des cercles de soutien r\u00e9gionaux s\u2019organisent dans toute l&#8217;Allemagne !<\/b><\/h1>\n<p>Un nombre consid\u00e9rables de personnes, d\u2019institutions et d\u2019entreprises nous soutiennent d\u00e9j\u00e0 dans notre travail. De plus, ils\u00a0s&#8217;engagent par des dons parfois aux montants \u00e9lev\u00e9s, font la promotion de la reconstruction du ch\u00e2teau de Berlin dans leurs entreprises et participent\u00a0\u00e0\u00a0notre action en mettant gratuitement \u00e0 disposition notre journal \u201cBerliner Extrablatt\u201d.<\/p>\n<p>D\u2019autres s\u2019engagent dans les cercles de soutien r\u00e9gionaux, \u201dFreundeskreis Berliner Schloss\u201d.<\/p>\n<p>&nbsp;<\/p>\n<table style=\"width: 300px; height: 246px; text-align: center;\" border=\"0\" cellspacing=\"2\" cellpadding=\"2\" align=\"center\">\n<tbody>\n<tr valign=\"bottom\">\n<td><a title=\"Nos groupes de soutien r\u00e9gionaux\" href=\"http:\/\/berliner-schloss.de\/wp-content\/uploads\/20090602145817813.jpg\"><img decoding=\"async\" title=\"\" src=\"http:\/\/berliner-schloss.de\/wp-content\/themes\/hybrid_berlinerschloss\/includes\/timthumb.php?src=http:\/\/berliner-schloss.de\/wp-content\/uploads\/20090602145817813.jpg&amp;h=212px&amp;w=302px&amp;zc=1\" alt=\"\" align=\"none\" \/><\/a><\/td>\n<\/tr>\n<tr valign=\"top\">\n<td style=\"font-size: 8pt;\">Ch\u00e2teau de Berlin, c\u00f4t\u00e9 Lustgarten.CAO : eldaco Rostock.<\/td>\n<\/tr>\n<\/tbody>\n<\/table>\n<p style=\"text-align: left;\" align=\"center\">Si vous \u00eates int\u00e9ress\u00e9s par une participation dans un de nos groupes de soutien, prenez directement contact avec<\/p>\n<p style=\"text-align: center;\"><strong>Herr Udo Steinmetz<\/strong>, Telefon: 040 \u2013 89 80 75 16,<\/p>\n<p style=\"text-align: center;\">Email: <a title=\"udo.steinmetz@berliner-schloss.de\" href=\"mailto:udo.steinmetz@berliner-schloss.de\">udo.steinmetz@berliner-schloss.de<\/a><\/p>\n<p>Les rencontres des groupes r\u00e9gionaux sont pr\u00e9sent\u00e9es dans la rubrique \u00ab\u00a0Actualit\u00e9s\/expositions et rencontres\u00a0\u00bb.<\/p>\n<p>&nbsp;<\/p>\n<p><b>Voici les groupes de soutien r\u00e9gionaux d\u00e9j\u00e0 en activit\u00e9 :<\/b><\/p>\n<h2>Freunde des\u00a0Berliner Schlosses in Berlin<\/h2>\n<p><span style=\"text-decoration: underline;\">Responsable :<\/span><\/p>\n<p><strong>Gunther K\u00e4mmerer<\/strong><\/p>\n<p>Tel.: 030 &#8211;\u00a020 67 30 93, Mobil: 0171 &#8211;\u00a070 12 567, Email: <a title=\"gunther.kaemmerer@gmx.de\" href=\"mailto:gunther.kaemmerer@gmx.de\">gunther.kaemmerer@gmx.de<\/a><\/p>\n<p>&nbsp;<\/p>\n<h2>Freunde des Berliner Schlosses in Bremen<\/h2>\n<p><span style=\"text-decoration: underline;\">Responsables :<\/span><\/p>\n<p><strong>Mathias P.A.Pfeiffer<\/strong> \u00a0&#8211; \u00a0Tel.: 0421 \u2013 63 67 663<\/p>\n<p><strong>Hans-Georg von Bock und Polach<\/strong> &#8211;\u00a0Tel.: 0421 \u2013 349413<\/p>\n<p><strong>Dr. Manfred Paulenz<\/strong> \u2013 Tel.: 04292 \u2013 819 449<\/p>\n<p><strong>Dr. Klaus Gorkisch<\/strong> \u2013 \u00a0Tel.: 0421 \u2013 2574124<\/p>\n<p>Email: <a title=\"bremer-freunde@berliner-schloss.de\" href=\"mailto:bremer-freunde@berliner-schloss.de\">bremer-freunde@berliner-schloss.de<\/a><\/p>\n<p>&nbsp;<\/p>\n<h2>Freunde des Berliner Schlosses in D\u00fcsseldorf<\/h2>\n<p><span style=\"text-decoration: underline;\">Responsable :<\/span><\/p>\n<p><strong>Ulf Doepner, <\/strong>Rechtsanwalt<\/p>\n<p>Tel.: 0211 \u2013 49 79 171, Email: <a href=\"mailto:ulf.doepner@freshfields.com\">ulf.doepner@freshfields.com<\/a><\/p>\n<p>&nbsp;<\/p>\n<h2>Freunde des Berliner Schlosses in Frankfurt am Main<\/h2>\n<p><span style=\"text-decoration: underline;\">Responsable :<\/span><\/p>\n<p><strong>Jochen Bender<\/strong><\/p>\n<p>Mobil: 0176 \u2013 295 91 872, Email: <a title=\"frankfurter-freunde@berliner-schloss.de\" href=\"mailto:frankfurter-freunde@berliner-schloss.de\">frankfurter-freunde@berliner-schloss.de<\/a><\/p>\n<p>&nbsp;<\/p>\n<h2>Freunde des\u00a0Berliner Schlosses in Halberstadt<\/h2>\n<p><span style=\"text-decoration: underline;\">Responsable :<\/span><\/p>\n<p><strong>Dr. Bernd Kramer<\/strong><\/p>\n<p>Tel.: 039427 \u2013 99799, Email: <a title=\"berndtthilokramer@gmx.de\" href=\"mailto:berndtthilokramer@gmx.de\">berndthilokramer@gmx.de<\/a><\/p>\n<p>&nbsp;<\/p>\n<h2>Freunde des\u00a0Berliner Schlosses in Hameln<\/h2>\n<p><span style=\"text-decoration: underline;\">Responsable :<\/span><\/p>\n<p><strong>Dietrich Burkart<\/strong><\/p>\n<p>Tel.: 05151 \u2013 41544, Email: <a title=\"dietrich.burkart@gmx.de\" href=\"mailto:dietrich.burkhart@gmx.de\">dietrich.burkhart@gmx.de<\/a><\/p>\n<p>&nbsp;<\/p>\n<h2>Freunde des\u00a0Berliner Schlosses in\u00a0Hamburg<\/h2>\n<p><span style=\"text-decoration: underline;\">Responsable :<\/span><\/p>\n<p><strong>Udo Steinmetz<\/strong><\/p>\n<p>Tel.: 040 \u2013 8989 7516, Email: <a title=\"udo.steinmetz@berliner-schloss.de\" href=\"mailto:udo.steinmetz@berliner-schloss.de\">udo.steinmetz@berliner-schloss.de<\/a><\/p>\n<p>&nbsp;<\/p>\n<h2>Freunde des Berliner Schlosses in Hannover<\/h2>\n<p><span style=\"text-decoration: underline;\">Responsable :<\/span><\/p>\n<p><strong>Marc Pieweck<\/strong>, Assureur<\/p>\n<p>Tel.: 05130 \u2013 37 37 10, Mobil: 0160 \u2013 90 179 189, Email: <a href=\"mailto:marc-pieweck@gmx.de\">marc-pieweck@gmx.de<\/a>\u00a0 | \u00a0<a title=\"Marc.pieweck@vgh.de\" href=\"mailto:Marc.pieweck@vgh.de\">Marc.pieweck@vgh.de<\/a><\/p>\n<p>&nbsp;<\/p>\n<h2>Freunde des Berliner Schlosses in K\u00f6ln und Bonn<\/h2>\n<p><span style=\"text-decoration: underline;\">Responsables :<\/span><\/p>\n<p><strong>Arnd B\u00f6hme<\/strong><\/p>\n<p>Mobil: 0171 \u2013 87 17 832, Email: <a title=\"boehme.arnd@gmx.de\" href=\"mailto:boehme.arnd@gmx.de\">boehme.arnd@gmx.de<\/a><\/p>\n<p><strong>Hermann R. M\u00fcller<\/strong><\/p>\n<p>Tel.: 0221 \u2013 823 59 71, Email: \u00a0<a title=\"hrm-verwaltung@netcologne.de\" href=\"mailto:hrm-verwaltung@netcologne.de\">hrm-verwaltung@netcologne.de<\/a><\/p>\n<p>&nbsp;<\/p>\n<h2>Freunde des Berliner Schlosses in L\u00fcneburg<\/h2>\n<p><span style=\"text-decoration: underline;\">Responsable :<\/span><\/p>\n<p><strong>Gerhard Marwitz<\/strong><\/p>\n<p>Tel.: 04131 \u2013 4 61 42, Email:\u00a0<a title=\"doriszie2007@yahoo.de\" href=\"mailto:doriszie2007@yahoo.de\">doriszie2007@yahoo.de<\/a><\/p>\n<p>&nbsp;<\/p>\n<h2>Freunde des Berliner Schlosses in\u00a0M\u00fcnchen<\/h2>\n<p><span style=\"text-decoration: underline;\">Responsable :<\/span><\/p>\n<p><strong>Karin von Spaun<\/strong><\/p>\n<p>Tel.:\u00a008152 \u2013 31 72, Email: <a title=\"karin.von.spaun@online.de\" href=\"mailto:karin.von.spaun@online.de\">karin.von.spaun@online.de<\/a><\/p>\n<p>&nbsp;<\/p>\n<h2>Freunde des Berliner Schlosses in Baden W\u00fcrttemberg<\/h2>\n<p><span style=\"text-decoration: underline;\">Responsable :<\/span><\/p>\n<p><strong>Prof. Dr. med. Karl-Klaus Dittel<\/strong><\/p>\n<p>Tel.: 0711 \u2013 68 12 08, Email:\u00a0<a title=\"info@ibb-stuttgart.com\" href=\"mailto:info@ibb-stuttgart.com\">info@ibb-stuttgart.com<\/a><\/p>\n<p>&nbsp;<\/p>\n<h2><strong>Vous aussi, voulez aider dans votre r\u00e9gion ? Pour cela, veuillez contacter Udo Steinmetz, il vous donnera tous les conseils pratiques !<\/strong><\/h2>\n","protected":false},"excerpt":{"rendered":"<p>Des groupes de soutien r\u00e9gionaux se sont cr\u00e9\u00e9s un peu partout en Allemagne<\/p>\n","protected":false},"author":1,"featured_media":549537,"parent":550777,"menu_order":58,"comment_status":"closed","ping_status":"closed","template":"","meta":{"_acf_changed":false,"footnotes":""},"class_list":["post-546899","page","type-page","status-publish","has-post-thumbnail","hentry"],"acf":[],"_links":{"self":[{"href":"https:\/\/berliner-schloss.de\/fr\/wp-json\/wp\/v2\/pages\/546899","targetHints":{"allow":["GET"]}}],"collection":[{"href":"https:\/\/berliner-schloss.de\/fr\/wp-json\/wp\/v2\/pages"}],"about":[{"href":"https:\/\/berliner-schloss.de\/fr\/wp-json\/wp\/v2\/types\/page"}],"author":[{"embeddable":true,"href":"https:\/\/berliner-schloss.de\/fr\/wp-json\/wp\/v2\/users\/1"}],"replies":[{"embeddable":true,"href":"https:\/\/berliner-schloss.de\/fr\/wp-json\/wp\/v2\/comments?post=546899"}],"version-history":[{"count":1,"href":"https:\/\/berliner-schloss.de\/fr\/wp-json\/wp\/v2\/pages\/546899\/revisions"}],"predecessor-version":[{"id":550366,"href":"https:\/\/berliner-schloss.de\/fr\/wp-json\/wp\/v2\/pages\/546899\/revisions\/550366"}],"up":[{"embeddable":true,"href":"https:\/\/berliner-schloss.de\/fr\/wp-json\/wp\/v2\/pages\/550777"}],"wp:featuredmedia":[{"embeddable":true,"href":"https:\/\/berliner-schloss.de\/fr\/wp-json\/wp\/v2\/media\/549537"}],"wp:attachment":[{"href":"https:\/\/berliner-schloss.de\/fr\/wp-json\/wp\/v2\/media?parent=546899"}],"curies":[{"name":"wp","href":"https:\/\/api.w.org\/{rel}","templated":true}]}}

Cercles de soutien régionaux

<h1><b>Des cercles de soutien régionaux s’organisent dans toute l&#8217;Allemagne !</b></h1>
<p>Un nombre considérables de personnes, d’institutions et d’entreprises nous soutiennent déjà dans notre travail. De plus, ils s&#8217;engagent par des dons parfois aux montants élevés, font la promotion de la reconstruction du château de Berlin dans leurs entreprises et participent à notre action en mettant gratuitement à disposition notre journal “Berliner Extrablatt”.</p>
<p>D’autres s’engagent dans les cercles de soutien régionaux, ”Freundeskreis Berliner Schloss”.</p>
<p>&nbsp;</p>
<table style="width: 300px; height: 246px; text-align: center;" border="0" cellspacing="2" cellpadding="2" align="center">
<tbody>
<tr valign="bottom">
<td><a title="Nos groupes de soutien régionaux" href="http://berliner-schloss.de/wp-content/uploads/20090602145817813.jpg"><img decoding="async" title="" src="http://berliner-schloss.de/wp-content/themes/hybrid_berlinerschloss/includes/timthumb.php?src=http://berliner-schloss.de/wp-content/uploads/20090602145817813.jpg&amp;h=212px&amp;w=302px&amp;zc=1" alt="" align="none" /></a></td>
</tr>
<tr valign="top">
<td style="font-size: 8pt;">Château de Berlin, côté Lustgarten.CAO : eldaco Rostock.</td>
</tr>
</tbody>
</table>
<p style="text-align: left;" align="center">Si vous êtes intéressés par une participation dans un de nos groupes de soutien, prenez directement contact avec</p>
<p style="text-align: center;"><strong>Herr Udo Steinmetz</strong>, Telefon: 040 – 89 80 75 16,</p>
<p style="text-align: center;">Email: <a title="udo.steinmetz@berliner-schloss.de" href="mailto:udo.steinmetz@berliner-schloss.de">udo.steinmetz@berliner-schloss.de</a></p>
<p>Les rencontres des groupes régionaux sont présentées dans la rubrique « Actualités/expositions et rencontres ».</p>
<p>&nbsp;</p>
<p><b>Voici les groupes de soutien régionaux déjà en activité :</b></p>
<h2>Freunde des Berliner Schlosses in Berlin</h2>
<p><span style="text-decoration: underline;">Responsable :</span></p>
<p><strong>Gunther Kämmerer</strong></p>
<p>Tel.: 030 &#8211; 20 67 30 93, Mobil: 0171 &#8211; 70 12 567, Email: <a title="gunther.kaemmerer@gmx.de" href="mailto:gunther.kaemmerer@gmx.de">gunther.kaemmerer@gmx.de</a></p>
<p>&nbsp;</p>
<h2>Freunde des Berliner Schlosses in Bremen</h2>
<p><span style="text-decoration: underline;">Responsables :</span></p>
<p><strong>Mathias P.A.Pfeiffer</strong>  &#8211;  Tel.: 0421 – 63 67 663</p>
<p><strong>Hans-Georg von Bock und Polach</strong> &#8211; Tel.: 0421 – 349413</p>
<p><strong>Dr. Manfred Paulenz</strong> – Tel.: 04292 – 819 449</p>
<p><strong>Dr. Klaus Gorkisch</strong> –  Tel.: 0421 – 2574124</p>
<p>Email: <a title="bremer-freunde@berliner-schloss.de" href="mailto:bremer-freunde@berliner-schloss.de">bremer-freunde@berliner-schloss.de</a></p>
<p>&nbsp;</p>
<h2>Freunde des Berliner Schlosses in Düsseldorf</h2>
<p><span style="text-decoration: underline;">Responsable :</span></p>
<p><strong>Ulf Doepner, </strong>Rechtsanwalt</p>
<p>Tel.: 0211 – 49 79 171, Email: <a href="mailto:ulf.doepner@freshfields.com">ulf.doepner@freshfields.com</a></p>
<p>&nbsp;</p>
<h2>Freunde des Berliner Schlosses in Frankfurt am Main</h2>
<p><span style="text-decoration: underline;">Responsable :</span></p>
<p><strong>Jochen Bender</strong></p>
<p>Mobil: 0176 – 295 91 872, Email: <a title="frankfurter-freunde@berliner-schloss.de" href="mailto:frankfurter-freunde@berliner-schloss.de">frankfurter-freunde@berliner-schloss.de</a></p>
<p>&nbsp;</p>
<h2>Freunde des Berliner Schlosses in Halberstadt</h2>
<p><span style="text-decoration: underline;">Responsable :</span></p>
<p><strong>Dr. Bernd Kramer</strong></p>
<p>Tel.: 039427 – 99799, Email: <a title="berndtthilokramer@gmx.de" href="mailto:berndtthilokramer@gmx.de">berndthilokramer@gmx.de</a></p>
<p>&nbsp;</p>
<h2>Freunde des Berliner Schlosses in Hameln</h2>
<p><span style="text-decoration: underline;">Responsable :</span></p>
<p><strong>Dietrich Burkart</strong></p>
<p>Tel.: 05151 – 41544, Email: <a title="dietrich.burkart@gmx.de" href="mailto:dietrich.burkhart@gmx.de">dietrich.burkhart@gmx.de</a></p>
<p>&nbsp;</p>
<h2>Freunde des Berliner Schlosses in Hamburg</h2>
<p><span style="text-decoration: underline;">Responsable :</span></p>
<p><strong>Udo Steinmetz</strong></p>
<p>Tel.: 040 – 8989 7516, Email: <a title="udo.steinmetz@berliner-schloss.de" href="mailto:udo.steinmetz@berliner-schloss.de">udo.steinmetz@berliner-schloss.de</a></p>
<p>&nbsp;</p>
<h2>Freunde des Berliner Schlosses in Hannover</h2>
<p><span style="text-decoration: underline;">Responsable :</span></p>
<p><strong>Marc Pieweck</strong>, Assureur</p>
<p>Tel.: 05130 – 37 37 10, Mobil: 0160 – 90 179 189, Email: <a href="mailto:marc-pieweck@gmx.de">marc-pieweck@gmx.de</a>  |  <a title="Marc.pieweck@vgh.de" href="mailto:Marc.pieweck@vgh.de">Marc.pieweck@vgh.de</a></p>
<p>&nbsp;</p>
<h2>Freunde des Berliner Schlosses in Köln und Bonn</h2>
<p><span style="text-decoration: underline;">Responsables :</span></p>
<p><strong>Arnd Böhme</strong></p>
<p>Mobil: 0171 – 87 17 832, Email: <a title="boehme.arnd@gmx.de" href="mailto:boehme.arnd@gmx.de">boehme.arnd@gmx.de</a></p>
<p><strong>Hermann R. Müller</strong></p>
<p>Tel.: 0221 – 823 59 71, Email:  <a title="hrm-verwaltung@netcologne.de" href="mailto:hrm-verwaltung@netcologne.de">hrm-verwaltung@netcologne.de</a></p>
<p>&nbsp;</p>
<h2>Freunde des Berliner Schlosses in Lüneburg</h2>
<p><span style="text-decoration: underline;">Responsable :</span></p>
<p><strong>Gerhard Marwitz</strong></p>
<p>Tel.: 04131 – 4 61 42, Email: <a title="doriszie2007@yahoo.de" href="mailto:doriszie2007@yahoo.de">doriszie2007@yahoo.de</a></p>
<p>&nbsp;</p>
<h2>Freunde des Berliner Schlosses in München</h2>
<p><span style="text-decoration: underline;">Responsable :</span></p>
<p><strong>Karin von Spaun</strong></p>
<p>Tel.: 08152 – 31 72, Email: <a title="karin.von.spaun@online.de" href="mailto:karin.von.spaun@online.de">karin.von.spaun@online.de</a></p>
<p>&nbsp;</p>
<h2>Freunde des Berliner Schlosses in Baden Württemberg</h2>
<p><span style="text-decoration: underline;">Responsable :</span></p>
<p><strong>Prof. Dr. med. Karl-Klaus Dittel</strong></p>
<p>Tel.: 0711 – 68 12 08, Email: <a title="info@ibb-stuttgart.com" href="mailto:info@ibb-stuttgart.com">info@ibb-stuttgart.com</a></p>
<p>&nbsp;</p>
<h2><strong>Vous aussi, voulez aider dans votre région ? Pour cela, veuillez contacter Udo Steinmetz, il vous donnera tous les conseils pratiques !</strong></h2>

<p>Des groupes de soutien régionaux se sont créés un peu partout en Allemagne</p>
